
True
Let l be (2 + -5 + -3)*7*2. Let s be (-3)/7 - 36/l. Suppose 3*r - 1836 + 579 = s. Is r a composite number?
False
Let p(n) = -2*n**2 + 5*n + 12. Let w be p(4). Suppose 15 = 5*t - 5. Suppose w = -x + t*x - 99. Is x a composite number?
True
Suppose -35*p + 38*p = 1995. Let s = p + 5547. Suppose -3601 = -3*j + s. Is j prime?
True
Is 633964050/4050 + (4/(-6))/(-1) composite?
True
Let q(u) = -163*u**3 + 20*u**2 + 48*u + 577. Is q(-10) composite?
True
Let h(r) = 22920*r + 5551. Is h(8) prime?
True
Let c(m) = m**3 - 10*m**2 + m + 161429. Is c(0) a composite number?
True
Suppose 0 = 2*g + 3503 - 27. Let t = g + 5787. Is t a composite number?
False
Suppose -172*a = -174*a + 594098. Is a a prime number?
True
Is (-511256)/(-7) - (-75)/175 a prime number?
True
Suppose -5*f + 4*g + 282258 + 145079 = 0, 0 = -3*f - g + 256409. Is f a prime number?
True
Let y = 2464 + 1434. Is y composite?
True
Is (-16)/(-88)*(-33)/(-3) + -1 + 8358 a composite number?
True
Let z = 44 + -32. Suppose 4*q - z = 0, 13 + 2 = 3*r - 2*q. Let w(p) = 2*p**3 - 7*p**2 + 13*p + 15. Is w(r) a prime number?
True
Suppose 602*w = 598*w - 120. Is (444/(-8))/(w/460) composite?
True
Let g = -53978 - -97119. Is g composite?
True
Let n = 1706 + -559. Suppose 0*h + 5*m = -h + 1131, -h + n = m. Is h a composite number?
False
Suppose 1466671 = 31*u - 91296. Is u a prime number?
False
Let p be (4*(-9)/24)/((-6)/28). Let h = 10 - p. Suppose -5*y - 20 = 0, -h*y = 3*f - 4*y - 2059. Is f composite?
True
Is (-71219 + -3 + -1)/(-3) a composite number?
False
Suppose 2*l - 4*q = -73 + 93, -12 = 4*q. Let u be 2 + 1 + -2 + 1. Suppose 5*k + 127 = u*s - 135, 0 = -l*s - k + 524. Is s prime?
True
Let t(q) = -6*q**3 - 24*q**2 - q. Let i be t(-4). Suppose -i*l + 85208 = 4*l. Is l a prime number?
True
Let k = -386719 - -675942. Is k prime?
False
Is ((-71)/355)/(1 + 6558558/(-6558555)) a composite number?
False
Let u = -12478 - -42946. Is (-18)/(-117) + (2 - u/(-26)) a prime number?
False
Let b be 88/33*9/6. Let i(k) = 9*k**3 + 6*k**2 - 9*k - 1. Let q be i(b). Let y = 298 + q. Is y prime?
False
Let a be (4 - 6)/((-1)/73). Suppose 163*x - a*x = 166141. Is x prime?
False
Let c = -116 - -135. Let j = c + 37. Is 10456/j - 4/(-14) prime?
False
Let k be 11*21/616 - 2007/(-24). Let v(r) = 85*r. Let p be v(1). Suppose -k*c - 253 = -p*c. Is c a prime number?
False
Let m = -41 + 41. Suppose m = 9*j - 4*j - 29445. Suppose -2454 = -y + o, 2*o - j = -3*y + 1498. Is y a composite number?
False
Suppose 3*g + 33 = -8*g. Let b(z) = -103*z**3 - 6*z**2 + 2*z + 2. Is b(g) a composite number?
True
Suppose -45*b = -42*b + 3402. Let n = 1636 + b. Is n a composite number?
True
Suppose -228618*i + 228628*i = 20580370. Is i a prime number?
False
Let l be (-12)/2*(-25740)/54. Is l + -5 + 1 + (-7)/(-1) composite?
True
Let p = -8729 - -86578. Is p prime?
True
Let i(g) = -17226*g - 53. Is i(-5) prime?
True
Let l(j) be the second derivative of 103*j**3/6 + 23*j**2/2 - 53*j. Let s be (-1 + 4)/((-2)/(-8)). Is l(s) composite?
False
Let b be 4 - 129*(-2 - -1). Suppose 802 - b = 3*p. Suppose 4*g = -o + 2*g + p, 3*o - 669 = 4*g. Is o a composite number?
False
Suppose 211640 = -156*y + 832052. Is y a composite number?
True
Suppose 40*n - 71 - 89 = 0. Let z = 28 - 17. Suppose z*l - 30947 = n*l. Is l prime?
True
Let k be 264/352 - 2*2578/(-16). Let r = k - -368. Is r composite?
False
Let m(k) = 9972*k**3 - 4*k**2 + k - 2. Suppose 4*j = -5*t + 24, 9*t - 7*t = 5*j + 3. Is m(j) composite?
False
Let x = -2 + 93. Suppose 5*w - 409 = x. Suppose -k + 34 = -w. Is k prime?
False
Is 3/(556/(-1652) + 12/42)*-4153 composite?
True
Let k be (3629 - (-5 - -3))/((-3)/(-6)). Suppose 4*p = 2*b - 0*p - k, -3*b - p + 10928 = 0. Is b a prime number?
False
Let m = 21881 - -7380. Is m/(-145)*-1*5 composite?
False
Let t(l) = 21*l**2 + 4*l - 41. Let a be 26/(-169) + (-528)/(-52). Is t(a) prime?
True
Let i(u) = 20*u**2 - 14*u - 17. Let m(w) = -w**2 + 0*w + 9 + 3*w - 9*w**2 + 4*w. Let b(q) = -2*i(q) - 5*m(q). Is b(10) prime?
True
Suppose -17*d = -404556 - 314196 - 779237. Is d composite?
False
Let w be (-871484)/68 + (-8)/136. Let l be (-2)/(-8) + (-76875)/12. Is (32/(-16))/(2 - w/l) composite?
False
Suppose 125*h - 3633173 + 1155377 = 4201579. Is h a prime number?
False
Suppose 3*s - 5*t = -8*t - 6, -5*s + t = -14. Suppose 4*p - 2*l = p + 13237, -17650 = -4*p + s*l. Is p a composite number?
True
Suppose 2271727 = 7*v - 8*v + 18*v. Is v a composite number?
False
Let m(d) = -1159*d + 40. Let h be m(-15). Suppose -13*a + 9*a = -2*o + 11622, 3*o - h = 4*a. Is o a prime number?
False
Let k(o) be the first derivative of 123*o**2/2 - 12*o - 5. Let f be k(-5). Is (-48)/42*(-7)/2 - f prime?
True
Let l = -7 + -4. Let h(a) = -346*a - 29. Let o(i) = 351*i + 30. Let g(j) = 3*h(j) + 2*o(j). Is g(l) a composite number?
True
Is 6 - (-52690 + 1) - 4 prime?
True
Let w be 1905/105 - (-1)/(-7). Suppose -3*j + 2*g = -g - w, 0 = -j + 3*g + 12. Suppose -j*f - 1527 = -6*f. Is f composite?
False
Suppose -4*w = c - 260332, w = 181*c - 179*c + 65083. Is w a composite number?
True
Let u(o) = 2037*o**2 - 10*o + 18. Suppose 4*p = 3*i - 10, -3 - 5 = -3*i + 2*p. Is u(i) composite?
True
Is (0/1 + -68)/2*563/(-2) a composite number?
True
Let s = -234690 - -584301. Is s composite?
True
Let t be ((-923)/(-2)*4)/1. Suppose -t - 404 = -5*s. Suppose 2*v + 5*b - 1478 = 0, v - 286 = -b + s. Is v composite?
True
Let z be ((-4660)/(-6))/(26/234). Suppose z = 3*l + 3*j, 0*l + l - 5*j - 2348 = 0. Is l prime?
True
Suppose 4*v + 3*f = -6600, 1650 = -v + 5*f - 4*f. Let y = 2641 + v. Is y prime?
True
Suppose 0 = 4*z + i + 44, 4*i = -3*z + 3 - 23. Let n(t) = -t**2 - 10*t - 1. Let u be n(z). Let p = 59 + u. Is p composite?
True
Let d be (-2)/4*(2 + 0/(-5)). Is (-1234)/(-4) - d/(-4)*6 composite?
False
Is 160 - 156 - (-17515)/(-3)*(-3)/1 composite?
False
Suppose -3*n = -4 - 5. Suppose -3*c + n*a - 767 = 5*a, -3*c - 4*a = 757. Let h = c + 450. Is h a prime number?
True
Let p be (-2 + 2/4)/((-3)/6). Let c be 174/54*1 + 4/(-18). Suppose -c*b - 2363 = -7*b - p*j, -2*b = -5*j - 1149. Is b prime?
True
Suppose 3984784 + 3331551 = 65*m. Is m prime?
True
Let f(u) = 4*u**2 - 81*u + 311. Is f(30) prime?
True
Let v(m) = m**3 + m**2 + 10. Let x(j) = -j**3 + j - 9. Let l(h) = -6*v(h) - 7*x(h). Suppose 3*k - 3*p = 4*k - 10, -5*k + 5*p + 30 = 0. Is l(k) prime?
True
Suppose -63*l + 116473094 = 30*l - 30343867. Is l a composite number?
True
Suppose -551*c = -549*c - 4*g - 63198, -g = -1. Is c a composite number?
False
Let k = -281 + 293. Suppose -k*i + 1874 + 2890 = 0. Is i a prime number?
True
Suppose 0 = 9*z + 14308 - 59776. Suppose -5*h - 1346 - 13760 = -3*l, -5*h - z = -l. Is l a prime number?
False
Let p(m) = 3*m**2 - 58*m + 450. Is p(79) composite?
False
Suppose 1 = l, -5*s = 3*l - 31 + 3. Suppose -s*a + 26498 = 2*j, 5*j + 3*a = 2*j + 39765. Is j a prime number?
True
Let k(l) = 222*l + 264*l - 92 - 231*l + 344*l. Is k(5) a prime number?
True
Let r be (-6)/4 - 8/(112/(-231)). Suppose 3*p + 103956 = r*p. Is p prime?
True
Let s(y) = 2623*y**2 + 487*y + 3921. Is s(-8) a prime number?
False
Let v(y) = -8*y + 4060. Let f be v(0). Let i = 2185 + f. Is i a prime number?
False
Suppose 5*t + 4*h = 14676, -2*t + 8804 = t + 2*h. Suppose 5*u = -m + 3638, -3*m + 4*u + t + 7887 = 0. Is m prime?
True
Let y be (5 - 949) + (-110)/(-11). Suppose 3*w + 1201 = 6004. Let m = y + w. Is m a prime number?
False
Let r = 211222 + -31085. Is r a composite number?
False
Let q = -11 + 11. Suppose k = -3*h + 2444, 9*k - 6*k + 2*h - 7297 = q. Is k a prime number?
False
Let r(h) = -h + 4. Let u be r(7). Let b(k) = -k**2 + 2*k + 3. Let v be b(3). Is (1 + u)*(v - 1437/6) a composite number?
False
Is (42/(-56))/((-2)/(-24)) - -45016 a prime number?
True
Suppose -6711 = 2*k - h, 3*k + 5*h - 13437 = 7*k. Let q be (-1 - -5) + (19 - k). Suppose 3*s + 5*j - 5104 = 0, 4*s - 6*s + q = -2*j. Is s prime?
True
Is (-156)/1092 - 2280330/(-21) composite?
False
Let m = -114 + 116. Suppose m*z = -2*w + 3194, 4799 = 3*z - 0*w - w. Let v = z - 1108. Is v a composite number?
False
Suppose -16708500 - 21082118 = -60*z - 3327038. Is z composite?
False
Let b = 181775 - 129298. Is b a composite number?
True
Suppose -4*g = -u - 34, 2*u = 5*g - 40 - 4. Let h be g/12*(22 - -2) + 3. Suppose -7*t -